 of (4 + 5 + 0 - 5) + -4?
0
What is the value of 1 + 6 + -4 + -9 + 1?
-5
Evaluate 14 + (8 - 16) + -4.
2
Calculate (1 - -2) + (1 - (4 + -1)).
1
What is 9 + -5 + -2 + 0?
2
What is (3 - (-3 - (0 + -4))) + 3?
5
What is -48 - -37 - (-1 - (4 - 2))?
-8
Evaluate 25 - 22 - (2 - 1).
2
3 + 0 + (-300 - -298)
1
What is the value of 0 + 0 + (2 - 2)?
0
What is -1 + 0 + (14 - 18)?
-5
What is the value of 0 - (-3 - (4 - 3))?
4
What is the value of -5 + (-5 - -5) + 8?
3
-2 - (-3 + -3 + 11 + -4)
-3
Evaluate -5 + (2 - (2 + -3)).
-2
What is the value of 23 - 21 - (1 - 0)?
1
(0 - -4) + -1 - (-1 - 0)
4
What is (7 + -2 - (-4 - -9)) + 0?
0
What is the value of -3 - (-6 + (-6 - 0) + 1)?
8
What is -5 + 7 + -1 - -1?
2
Evaluate (-10 - -3) + (6 - 2).
-3
Calculate -2 + -1 - (-14 + 9) - 6.
-4
What is the value of (-22 - -14) + 4 + 4?
0
Evaluate 1 - 7 - (-43 + 37).
0
What is the value of -10 - -2 - (7 - 4) - -4?
-7
Calculate 8 - (3 + 0 - -2).
3
(-2 + 1 - -4) + -7 - 2
-6
What is the value of (1 + -3 - (6 + -6)) + -3?
-5
0 - 0 - (-1 + 3)
-2
What is the value of (-9 - -6) + -6 + 10?
1
What is the value of -10 + 11 - ((1 - 0) + -1)?
1
Calculate -3 + (-2 - -8 - 7).
-4
What is 3 + 0 + 11 + -11?
3
What is the value of 2 + -5 + 2 + 0?
-1
What is the value of -2 + -1 + 2 - -5?
4
1 - (0 + -1 + -1) - 6
-3
What is -8 - (10 + -15) - 0?
-3
20 + -10 + 3 - 7
6
Calculate -1 + (-9 - -5) - 0.
-5
What is -4 - (-1 - -3) - -1?
-5
Calculate 8 - (16 + -5 - 6).
3
What is 0 - (-3 + -3 + 8)?
-2
(2 + -3 - (-1 + -2)) + -7
-5
(1 - ((-1 - -3) + -4)) + -8
-5
What is the value of (7 - 1 - 8) + 0?
-2
Calculate -5 - (-2 + 2 - (-7 - -6)).
-6
-2 - (15 + -11 - 0)
-6
What is (-1 - 1 - (-15 - -21)) + 4?
-4
(3 - (-3 + 2)) + 1
5
-5 + -1 + 12 - (0 + 3)
3
Calculate 0 - (1 - (4 - 3) - 2).
2
2 + -4 + 6 + -5
-1
Evaluate (-6 - (5 + -9)) + (0 - -5).
3
13 - (21 + -13 + 1)
4
Evaluate -3 - -3 - (-3 - (2 - 3)).
2
What is -9 + 1 + -4 + 8?
-4
Calculate -6 - -8 - (2 + -4) - 1.
3
Evaluate 3 - (-6 + 2 + 5).
2
9 + -1 - (7 - 2)
3
Calculate 0 - -3 - 5 - (-5 - -7).
-4
Evaluate 1 + 3 - (-23 - -27).
0
What is 18 + -10 - (5 + -2)?
5
(-2 - (3 + 5 + -5)) + 9
4
What is the value of -1 + (1 - -6) + (-53 - -46)?
-1
0 + (4 - 4) - (10 - 13)
3
Evaluate (1 - 5 - 3) + 2 + 6.
1
Calculate 4 - (-3 - (-14 + 7)).
0
What is 8 + (1 - 4) + 1 - 0?
6
Calculate (-6 + 7 - -5) + 1 + 2.
9
What is 0 - (3 - (1 - 2))?
-4
What is the value of -2 - (-10 - -3 - -13)?
-8
Calculate -3 + -6 + -2 + 5.
-6
Evaluate (-6 - (1 + 1 - 5)) + 4.
1
Calculate 7 - 3 - (-1 + 1).
4
Calculate (96 - 88) + -1 + (-8 - -2).
1
Calculate 5 - (-7 - (-19 - (6 - 14))).
1
Calculate 0 + -4 + (0 - 1) - -1.
-4
Calculate -4 - (-2 - (-5 - -3 - 1)).
-5
What is the value of 22 + -17 + 1 + 0 + -5?
1
0 - (3 - (6 + 1)) - 0
4
(-1 - -12) + -12 + (13 - 5)
7
What is the value of -7 + (1 - 5 - -7)?
-4
(3 - -6) + 2 + -7
4
What is 4 + (-7 - (-2 - 0))?
-1
What is -12 + 10 + -22 + 30?
6
What is the value of (-14 - (-11 - -9)) + 5?
-7
Evaluate (10 - 18 - (-1 - 1)) + 3.
-3
Calculate 0 + (4 - 1) + -2.
1
What is 3 - (0 - (5 - 5))?
3
Calculate 4 - (2 - -1) - 1.
0
-8 + 1 + -7 + 15
1
What is the value of -20 + 2 + 14 + (4 - 0)?
0
What is (5 - (1 + -3 + 7)) + 2?
2
8 + (0 - (-3 + 6 + 1))
4
What is the value of 4 + (-4 - -3 - 1) + 4?
6
0 + (-6 - 1) + (208 - 210)
-9
5 + -8 + -7 + 11 + 0
1
Evaluate 4 + -6 + -8 + 10.
0
What is the value of 11 + -7 + -6 + 3?
1
Evaluate 1 + 1 + (64 - 70).
-4
Evaluate 6 - (-2 - -2 - (-3 - 3)).
0
What is the value of 2 - (6 + -1 + 0 + 2)?
-5
What is 1 - 2 - (9 - (-1 - -10))?
-1
What is the value of -1 + (1 - 1) - (-5 - -7)?
-3
Evaluate 2 - (-1 - -2 - 1) - 5.
-3
Calculate (0 - -1) + (-54 - -45).
-8
What is 0 + 1 + -1 - 4?
-4
What is 0 + 6 + (5 - 11) + -4?
-4
Evaluate 2 + (-1 - -1) + (2 - 2).
2
Calculate -5 + (17 - 6) + -8 - -6.
4
Evaluate 5 + -11 + 1 + 4.
-1
What is the value of 1 + 3 - (-2 - 4)?
10
Calculate (3 - 7) + (17 - 6).
7
What is the value of (1 - 3) + (1 - -2)?
1
Calculate -3 - (2 + -1 - (4 + -1)).
-1
3 + 1 - (-2 - (-1 - 0))
5
9 - -1 - 4 - 8
-2
Calculate -3 + 4 + (2 - 3) + 1.
1
Evaluate 2 + 0 - (-13 + 13).
2
Calculate -6 + (-4 - -10) + (-7 - -8).
1
-8 - ((-2 - -7) + -17)
4
What is -6 + 8 + -8 + 1 + -2?
-7
Calculate -5 + 3 + 10 + -9.
-1
-3 - -1 - (34 - 38)
2
(-5 + -1 - -2) + (-2 - -4)
-2
-4 + -3 + (8 - 5)
-4
Calculate (-3 - 1) + 1 + -5 + 4.
-4
What is 7 + (-3 - -4) + -9?
-1
Evaluate 0 - 3 - ((-6 - -11) + -12).
4
Evaluate (1 - 0) + 3 - 2.
2
-9 - (4 - (-8 + 15))
-6
Calculate -3 + (3 - (-1 - -1)).
0
What is 6 - (1 - (0 + -3))?
2
What is (2 - -8) + (-11 - -7 - -2)?
8
What is 7 - (5 + 2) - 0?
0
What is -8 + (-6 - -6) + 4 + 6?
2
(5 - 3 - -1) + -8
-5
What is the value of 3 + (-19 - -12) + 7?
3
What is (-5 + -1 - 0) + (-2 - -6)?
-2
Calculate 3 - (24 - 7 - 7).
-7
Evaluate (-4 - -9 - 4) + 2 + -3.
0
Evaluate 1 + (-4 - 0) - (0 - 8).
5
Calculate -5 - (-1 + 2) - (0 + -2).
-4
What is the value of -6 + (2 + 4 - -4) + 2?
6
Calculate 4 + 4 + 1 + -11.
-2
What is the value of -4 - 1 - (11 - 13)?
-3
Evaluate 1 + 1 - (3 + 6 + -8).
1
Calculate 2 - -7 - (48 - 50).
11
Evaluate 7 + (-8 + -5 - -1).
-5
Evaluate 5 + (-5 - (1 + -5 + 3)).
1
-5 - 0 - (-2 + 4 + -6)
-1
What is -2 - 0 - (-9 + 2)?
5
What is (3 - (-4 + 7)) + 2?
2
What is -3 + 4 + -1 + (48 - 44)?
4
Calculate -2 - (4 - (14 - -1)) - 4.
5
Evaluate 7 + -10 + 2 + 3.
2
What is 4 - 1 - (-1 - -6)?
-2
What is the value of 4 + 0 + -7 + (1 - 1)?
-3
What is the value of 1 + 4 + -7 + 3 + 1?
2
What is the value of -2 - (-3 + 0 + 4)?
-3
What is the value of -1 + 0 + -2 + 5?
2
Evaluate (3 - (0 - (-3 - -3))) + 2.
5
What is the value of 3 - (4 - (-3 - -7))?
3
What is the value of (0 - -1) + -60 + 56?
-3
Evaluate (3 - -6) + 0 + -5 + -11.
-7
What is 4 + -10 + (15 - 12)?
-3
Evaluate (-4 - -7) + 22 + -16 + -3.
6
Evaluate -5 - (5 + -1 + 1).
-10
4 + -17 + 4 + 5
-4
What is the value of -4 + (3 - 9 - (-10 + -2))?
2
Evaluate -4 + (5 - -4) + -5.
0
Calculate 5 + (2 - -1 - (21 - 13)).
0
-7 + 2 + (-11 - -11)
-5
What is the value of 0 - (-5 + (1 - 0))?
4
Evaluate (-3 - -1 - -8) + -84 + 81.
3
Calculate (7 - 0) + -4 + -8.
-5
What is the value of 3 + (-2 - 4) - 2?
-5
Evaluate (-2 - 12 - -8) + 0 + 11.
5
1 - 5 - (2 + -7 + 1)
0
What is (10 - 8) + -2 + -4?
-4
What is -2 - (-9 + 3 + 2)?
2
Evaluate 1 - 1 - (8 - 9 - -1).
0
Evaluate 2 - (-65 + 58 - (-1 + -12)).
-4
What is the value of (9 - (18 + -6)) + (-3 - 0)?
-6
1 + -2 + -2 - (-26 + 27)
-4
What is 2 + -3 + -3 + (6 - 2)?
0
What is the value of -5 - ((-2 - -2) + -1 - 0)?
-4
What is -2 - 1 - (3 + -5 + -1)?
0
-4 + (1 - -7) + -6 - 0
-2
Evaluate 10 - -1 - 5 - 11.
-5
Evaluate -1 - (6 + (-12 - -1) + 5).
-1
Calculate 4 - (-2 + (-3 - -4) + 5).
0
What is the value of 7 - (4 + 2 + 1)?
0
Calculate 1 + -4 + 0 - (-2 + 0).
-1
Calculate -5 - (5 - 1 - 5).
-4
Evaluate -8 + (3 - -2) + 3 + 0.
0
What is the value of 0 - -2 - -3 - (81 - 71)?
-5
Calculate -3 + -5 + 4 + (9 - 0).
5
Evaluate 0 - (1 - (8 + -11)).
-4
Evaluate -9 + 11 + 1 + -4.
-1
Calculate -41 - -36 - (-1 + 2).
-6
What is 2 + -7 + (-7 - -9)?
-3
What is the value of 3 + -12 - (14 - 25)?
2
What is the value of 1 + -2 + 4 + 0?
3
Calculate (2 - 6) + 25 + -18.
3
What is the value of -8 - -11 - (-3 - -7)?
-1
What is the value of 1 + (1 - -3) + (-91 - -92)?
6
Evaluate (-6 - 0) + (9 - 7 - -3).
-1
Calculate -4 + 4 + -5 + 1.
-4
Calculate 9 + 0 + -7 - -2.
4
3 + -10 + -2 - -8 - 10
-11
What is 3 + -5 + (0 - -4) + -7?
-5
Evaluate 5 - ((-5 - -7) + 6).
-3
What is -2 - -8 - (0 + 1 + 5)?
0
What is 3 + 1 + -15 - -7?
-4
What is 10 + -6 + (3 - 4)?
3
What is the value of -3 + 9 + -1 + -5?
0
What is (1 + -1 - 6) + 3?
-3
(-5 - 11 - -8) + 12
4
What is the value of (3 + 6 - 3) + -1?
5
5 + -2 + 5 + -4
4
What is 5 + -5 + -1 + 3 - 2?
0
-2 - -2 - (2 + -4 - 0)
2
Calculate 5 + -3 + 0 + -4 + -3.
-5
Calculate 0 + 4 + (10 - 8).
6
Evaluate 0 - 3 - (4 + -12 + 2).
3
Evaluate (-11 - (0 - (6 - 0))) + 8.
3
Calculate 6 + -1 + 9 + -8.
6
(3 - ((-5 - -8) + -1)) + 6
7
-5 + (-4 - -11) - (-1 - 0)
3
Calculate 0 + (-4 - -10 - 7).
-1
What is the value of 1 - (-2 + 6 + 0 + 0)?
-3
What is the value of 3 - (-3 + -10 + 5 - -2)?
9
What is the value of -1 - (-8 - -10 - 4)?
1
What is the value of (-5 + 5 - -3) + -3?
0
What is 3 - -4 - (4 - -2)?
1
What is the value of 0 - 15 - -17 - 12?
-10
-3 + (-1 + 2 - 0 - -7)
5
Evaluate (5 - 12) + 3 + (3 - 1).
-2
What is the val